02111?
21111222202111
In base 16, what is 166600 + -1d?
1665e3
In base 11, what is 72151010 - -3?
72151013
In base 8, what is 22050577 + 107?
22050706
In base 15, what is 143d9e6 - -1?
143d9e7
In base 13, what is a04a4 - -2?
a04a6
In base 13, what is 242 + -29837?
-295c5
In base 3, what is -1200021 - -10200102?
2000011
In base 9, what is 2132632628 - -5?
2132632634
In base 4, what is 2230110002211 - 1?
2230110002210
In base 11, what is -528 - a64?
-1491
In base 15, what is 123aa5 + 1?
123aa6
In base 9, what is -78756146 + 31?
-78756115
In base 6, what is 2522233 - 2435?
2515354
In base 12, what is 2b315301 - 4?
2b3152b9
In base 4, what is 11010002212201 - -1?
11010002212202
In base 6, what is -34252 - -323?
-33525
In base 4, what is 3313122020 - -210?
3313122230
In base 14, what is 1bb + 3dd4?
41b1
In base 9, what is -16734 - 7247?
-25082
In base 6, what is 4 - -51154324?
51154332
In base 6, what is -15302115 - 22?
-15302141
In base 5, what is -101114300 - -422?
-101113323
In base 13, what is a - -562b07?
562b14
In base 5, what is -3112030 + -1210?
-3113240
In base 10, what is -40 - -354711?
354671
In base 10, what is 5529 - 1857?
3672
In base 6, what is 125 - -31504252?
31504421
In base 14, what is 3a69174 - 5?
3a6916d
In base 11, what is 4 + 44275?
44279
In base 2, what is 10001010010100110010110 + 111?
10001010010100110011101
In base 13, what is -12 + -1846c7?
-184709
In base 12, what is 112 - 16342?
-16230
In base 4, what is 1113 - -1102320232?
1102322011
In base 14, what is -d72c09 + -1?
-d72c0a
In base 3, what is 100 - -2102010020101022?
2102010020101122
In base 5, what is 14411143 + -402?
14410241
In base 4, what is -3 + -23133310033?
-23133310102
In base 7, what is 10213034 - -36?
10213103
In base 10, what is -444298101 + 1?
-444298100
In base 7, what is 145662240 + -43?
145662164
In base 2, what is -101 + -10101010001111010101010?
-10101010001111010101111
In base 12, what is 2284aa7 - -87?
2284b72
In base 12, what is -22b2 + 91044?
8a952
In base 15, what is -a0 - 4393?
-4443
In base 15, what is 1d48 + ada?
2933
In base 6, what is 50253151 - 5?
50253142
In base 4, what is -2223212101 - 13?
-2223212120
In base 5, what is -30032022 - 130?
-30032202
In base 7, what is 2246561 + -2021?
2244540
In base 3, what is -200100 + -100201211?
-101102011
In base 9, what is -36348806 + -24?
-36348831
In base 11, what is -9 + 2991a0?
299192
In base 13, what is -85a0 - -2587?
-6016
In base 3, what is -1010112 - -2000002001?
1221221112
In base 9, what is 13 - 1180431?
-1180417
In base 2, what is 1000110111110001001 + 10?
1000110111110001011
In base 14, what is 2450c73d + 2?
2450c741
In base 16, what is -13af + -102d?
-23dc
In base 11, what is -30 - 14449a6?
-1444a26
In base 16, what is -c - 1848512?
-184851e
In base 13, what is 121 + -49046?
-48c25
In base 14, what is -12 - -1167a5a?
1167a48
In base 5, what is 1102 - -1014301?
1020403
In base 16, what is 9626 + 79?
969f
In base 13, what is 4290b8 - 4?
4290b4
In base 14, what is -7a00 + 966?
-7078
In base 16, what is -14b + -38cf7?
-38e42
In base 7, what is -1523555063 - 3?
-1523555066
In base 3, what is -2 + -12202100201212?
-12202100201221
In base 5, what is 20310 + 4003200?
4024010
In base 6, what is 3 - -33040343224?
33040343231
In base 4, what is -222330321 + -1212?
-222332133
In base 9, what is 2476 - -2178?
4665
In base 9, what is 5 - -25221?
25226
In base 13, what is 2c5c9 + -5c5c?
2666a
In base 2, what is 101101001011 - 111101001100101?
-110111100011010
In base 16, what is -280 + 21f6?
1f76
In base 2, what is -11100010001011100111 + 1100010011?
-11100001111111010100
In base 4, what is 331 + 102323201?
102330132
In base 2, what is -1000011 + -11001000000000011000?
-11001000000001011011
In base 12, what is -7 - 1b65b6?
-1b6601
In base 9, what is -1085452 - -85?
-1085356
In base 6, what is -1425235 + 221?
-1425014
In base 15, what is 288 + 723?
9ab
In base 8, what is 542 - -63341?
64103
In base 6, what is 231231444351 + -3?
231231444344
In base 3, what is -210101122222 + 10102111?
-210021020111
In base 11, what is -3004870 + 10?
-3004860
In base 13, what is b3 - -7175c4?
7176a7
In base 9, what is -27448176 - -5?
-27448171
In base 15, what is 45 + 113828?
11386d
In base 2, what is -1011 - -1100101100101011110000?
1100101100101011100101
In base 5, what is 13 + -21410333303?
-21410333240
In base 3, what is 111120211101 - 1221?
111120202110
In base 7, what is 2 + -153461210?
-153461205
In base 14, what is 708b + 2960?
9a0b
In base 10, what is 328 + 538155?
538483
In base 10, what is 17 + 408697?
408714
In base 16, what is -67 + -139253?
-1392ba
In base 5, what is 4 + 32300302142?
32300302201
In base 16, what is dfb + -1ef86?
-1e18b
In base 2, what is 1000011111011011100001011 + -1?
1000011111011011100001010
In base 9, what is 28 - 1682688?
-1682660
In base 7, what is -144120302 + 305?
-144116664
In base 3, what is 201 - 1120220101020?
-1120220100112
In base 11, what is -4a2219 - 286?
-4a24a4
In base 12, what is -1827794 + -79?
-1827851
In base 13, what is 2 + -163c1b5?
-163c1b3
In base 16, what is -5 + -a9d4a0?
-a9d4a5
In base 4, what is -11022333231 + -110?
-11023000001
In base 9, what is -4708404 - -56?
-4708337
In base 6, what is 40434113010 - 4?
40434113002
In base 3, what is 0 + 2222100211201?
2222100211201
In base 4, what is 10 + 111133302311?
111133302321
In base 11, what is -17630128 + -3?
-17630130
In base 4, what is -12131200 + -201321?
-12333121
In base 2, what is -100111011100111000 - -11111110?
-100111011000111010
In base 4, what is -3122021 + -321?
-3123002
In base 16, what is -ad - -1b9fae?
1b9f01
In base 8, what is -67 + 247?
160
In base 6, what is 1345 - -103033124?
103034513
In base 14, what is -21 + -17589d?
-1758c0
In base 15, what is -d - -1c797d?
1c7970
In base 6, what is -454514252 + -2?
-454514254
In base 11, what is -44953 - 435?
-45288
In base 8, what is 354122 - 2417?
351503
In base 8, what is 1426 - 463614?
-462166
In base 3, what is -101121220 + -11011011211?
-11112210201
In base 11, what is 3649132 + 2?
3649134
In base 6, what is -253315 + -2244?
-300003
In base 15, what is -7 - -143797d?
1437976
In base 7, what is -2114654 + 10?
-2114644
In base 12, what is -150 + 35b465?
35b315
In base 8, what is -55 - 1007021?
-1007076
In base 6, what is 5231052532 + 5?
5231052541
In base 8, what is 26131705 - -7?
26131714
In base 9, what is -122778 + -17?
-122806
In base 5, what is -133000413 - 44?
-133001012
In base 5, what is 424421 - -3420?
433341
In base 10, what is 212848 - 10?
212838
In base 10, what is -87818615 + -3?
-87818618
In base 16, what is 544e0e9 + -5?
544e0e4
In base 10, what is 598 - 85868?
-85270
In base 10, what is -46 - -5422737?
5422691
In base 15, what is -6a3db0 - 6?
-6a3db6
In base 16, what is -10 + -a3db37?
-a3db47
In base 4, what is 213321201212 + -103?
213321201103
In base 8, what is 56 - -20655775?
20656053
In base 11, what is -218a + 24?
-2166
In base 9, what is 5857 + 3833?
10801
In base 6, what is -435310 - 204?
-435514
In base 2, what is 10000 - 101111011001111111?
-101111011001101111
In base 2, what is -100010 - -11110101000011101111?
11110101000011001101
In base 3, what is 20220212 - 10211201?
10002011
In base 8, what is -2236131102 - 2?
-2236131104
In base 5, what is 4 + 43304341234?
43304341243
In base 7, what is 36 + 32220612?
32220651
In base 16, what is 82fbb + -21?
82f9a
In base 5, what is -201000 - -124441?
-21004
In base 15, what is 619051 + -3d?
619013
In base 5, what is -1 - 3234024434?
-3234024440
In base 2, what is 11011010010000010100 + 11011?
11011010010000101111
In base 4, what is 0 + 103120311310?
103120311310
In base 13, what is -54960 - 28?
-54988
In base 16, what is -2 + -1dbca38?
-1dbca3a
In base 4, what is 3320 - 120230322?
-120221002
In base 13, what is 24008 + 4?
2400c
In base 9, what is 63486 - 2251?
61235
In base 14, what is -1130c3c - 7?
-1130c45
In base 15, what is -78b699b - 4?
-78b69a0
In base 5, what is -1043243 - -12124?
-1031114
In base 7, what is 3140 + -5521324?
-5515154
In base 11, what is -1a + -182039?
-182058
In base 5, what is 22030443333302 + 1?
22030443333303
In base 4, what is -13132201231231 + 0?
-13132201231231
In base 6, what is 1 + 34311554153?
34311554154
In base 4, what is -1 - -103200223223301?
103